*2 - 2*o - 1. Let p be r(-1). What is the greatest common divisor of p and b?
5
Suppose 29 = 280*k - 279*k. What is the highest common divisor of k and 464?
29
Let b = 12 - 10. Suppose -b*w - 8 = 2, 105 = 4*y - 5*w. Suppose 4 = 2*s - 76. Calculate the greatest common factor of s and y.
20
Suppose 2*p - 7*p + 34 = 3*r, -3*p = -6. Suppose 0*d = -4*d + 12. Suppose -4*h - c - 2 = -10, 6 = 3*h + d*c. What is the greatest common factor of h and r?
2
Suppose -t = -2*z - 3, 0 = -9*z + 10*z - t + 4. Calculate the highest common divisor of 1 and z.
1
Let m = -43 + 15. Let h = m - -70. Calculate the highest common divisor of 63 and h.
21
Suppose -4*f = -40 - 16. Suppose f*t = 11*t + 435. Calculate the greatest common divisor of t and 58.
29
Let m be 6/(-15) - (-7)/(70/104). What is the highest common divisor of m and 30?
10
Suppose 0 = 8*u - 3*u - 85. What is the highest common factor of u and 17?
17
Let p be 74*2*(-3)/12. Let n be (p/(-1))/(2/2). Let b = n + -21. Calculate the highest common divisor of 24 and b.
8
Suppose 3*v = v + 24. Let o(j) = -j**3 + 7*j**2 - 17*j + 74. Let n be o(6). Calculate the highest common divisor of v and n.
4
Suppose -3215 + 947 = -27*u. Suppose n + n - 5*g = 4, 5*n - 3*g = 48. Calculate the highest common divisor of n and u.
12
Suppose -3*l - 717 = -3*a, 3*a + 3*l = 665 + 46. What is the greatest common divisor of a and 126?
14
Suppose -15*i + 9*i = -54. Let a be (i/6)/((-1)/(-2))*3. What is the highest common divisor of 63 and a?
9
Let j(n) = 10*n - 66. Let g be j(9). What is the greatest common factor of g and 168?
24
Suppose 7 + 273 = 5*d. What is the greatest common divisor of d and 588?
28
Suppose 3*u + 2*j = 506, 4*j + 880 = 10*u - 5*u. What is the highest common factor of 86 and u?
86
Let l = 30 + 2. Let t = l + -3. What is the greatest common divisor of t and 203?
29
Let f(v) = -v**2 + 9*v + 12. Let d be f(9). Calculate the greatest common divisor of 78 and d.
6
Let x = 0 + 3. Let i = x + -2. Let t be 10 + -1*5/(-5). Calculate the highest common factor of i and t.
1
Suppose 12 = f + 2*f. Suppose 0 = z + f*z - 60. Let s = -60 + 120. What is the highest common divisor of z and s?
12
Let d(i) = -28*i + 4. Let g(l) = -56*l + 8. Let u(o) = -9*d(o) + 4*g(o). Let t be u(3). What is the greatest common divisor of t and 16?
16
Suppose -5*f + 10*f = 0. Suppose -j + h + 69 = f, 0 = j - 4*h - 0*h - 75. Suppose 11 = 6*w - j. What is the highest common factor of 117 and w?
13
Let t = 20 + -11. Suppose t*n - 6 = 8*n. Calculate the highest common factor of n and 15.
3
Let g(f) = -10*f + 6. Let d be g(-1). Calculate the highest common factor of d and 272.
16
Let k(t) = -3*t + 4. Let f be k(0). Suppose -2*q + f*q - 10 = 4*g, 3*q + g - 29 = 0. What is the highest common divisor of 63 and q?
9
Let r = 1616 - 1418. Calculate the greatest common factor of r and 22.
22
Suppose j = 2, 5*k - j - 13 = -0*j. Suppose k*w - 236 - 49 = 0. Let x(z) = 5*z + 4. Let n be x(3). What is the highest common factor of w and n?
19
Suppose 237 = 5*q + 97. Let m(s) = -2*s**3 + 2*s**2 + 3*s + 3. Let g be m(3). Let b = g - -52. Calculate the greatest common divisor of q and b.
28
Let i = -16 - -44. Calculate the greatest common factor of 238 and i.
14
Let m be 5/((-3*4/(-384))/2). Suppose -4*v = 11*b - 6*b - 400, -4*b - 4*v = -m. What is the highest common divisor of 16 and b?
16
Suppose -16*c + 611 = -109. What is the greatest common divisor of 120 and c?
15
Let n be (10 - -5)/(2/(-46)). Let o be n/2*(-28)/21. Calculate the highest common divisor of o and 23.
23
Let q be -4 - -28*(-84)/8. Let c be q/(-8) - 6/(-8). What is the highest common divisor of c and 266?
38
Let l(h) = 7*h**2 + 19*h + 30. Let k(m) = -m**2 - 1. Let z(o) = 6*k(o) + l(o). Let r be z(-18). What is the greatest common divisor of r and 12?
6
Let y(b) = -18*b + 27. Let v be y(-4). What is the greatest common factor of 11 and v?
11
Let a = -49 + 53. Suppose -3*i - 20 = -a*i. What is the greatest common factor of 220 and i?
20
Let g(k) be the first derivative of 4*k**2 - 5 - 1/3*k**3 - 4*k. Let i be g(4). Calculate the highest common divisor of i and 3.
3
Let j be 3 + 5 + -4 - -3. What is the highest common factor of j and 28?
7
Let i be ((-1)/3)/((-15)/45). Let z = 8 + -7. Let v = 0 + z. Calculate the highest common factor of v and i.
1
Let k = 37 - 28. Let g = 89 - 53. What is the highest common factor of k and g?
9
Let t = 24 - 15. Suppose 2*j = -t*j + 22. What is the greatest common divisor of j and 5?
1
Let n(y) be the second derivative of y**4/6 + 5*y**3/6 - 3*y**2/2 + 4*y. Let g be n(3). Suppose 0 = 5*s - 29 - 1. What is the highest common factor of g and s?
6
Let o = 93 + -94. Let c(b) = 29*b**2 + 3*b + 2. Let k be c(o). What is the highest common divisor of k and 4?
4
Suppose -5*z + 4*q + 12 = 3*q, 0 = -2*z + 2*q. Let b be (567/(-14))/(z/(-16)). What is the greatest common factor of 27 and b?
27
Let t be (-6)/(5 + 931/(-182)). Calculate the highest common divisor of 169 and t.
13
Let x = -13 - -53. Calculate the highest common divisor of x and 15.
5
Let k(c) = 47*c + 1193. Let z be k(-23). Suppose -4*q = q - 70. Calculate the highest common factor of q and z.
14
Suppose 2*h + 3*w = 8 + 2, 2*w + 36 = 4*h. Let u be -7 - 536/(-44) - (-4)/(-22). Suppose -u*l + 95 = -65. What is the greatest common factor of h and l?
8
Let u = -41 + 71. Let n be ((-16)/(-12))/((-12)/(-18)). Suppose -5*t = -5*g + 25, 7 = 2*g - g - n*t. Calculate the highest common divisor of g and u.
3
Let l(p) = -2*p - 8. Let v be l(11). Let q be (0 - 2)/(12/v). Suppose q*j - 26 = 24. What is the highest common factor of 10 and j?
10
Let m be 110 - ((-20)/(-5) + -2). Calculate the greatest common divisor of m and 1404.
108
Let n(b) = -b**3 - 3*b**2 - 5*b - 7. Let z be n(-5). Let f be (-1)/(-4) + 162/(-8). Let c = f + z. Calculate the greatest common divisor of c and 6.
6
Suppose -c + 4*a + 173 = 0, 8*a = 3*c + 4*a - 503. What is the greatest common factor of 60 and c?
15
Let c(p) = p**2 + 3. Let f be c(-3). Let a = f + 7. Let x be (1 - (-1)/(-2)) + (-7420)/(-56). What is the greatest common factor of x and a?
19
Let r = 830 + -810. Calculate the greatest common divisor of r and 320.
20
Suppose -3*n = -5*l + 179, 3*l - 49 = 2*l + 5*n. Let s be 1 + -2 + 34 + 1. Calculate the highest common factor of l and s.
34
Suppose -u - 4*f + 24 = 0, 13*f - 12 = 9*f. Calculate the highest common divisor of u and 9.
3
Let s be 6 + 2*((-25)/10)/1. What is the greatest common factor of s and 47?
1
Suppose -76 = 4*q - 4*k, -k + 3*k = -2*q - 30. Let n = -12 - q. Suppose -n - 25 = -2*r. Calculate the highest common factor of r and 15.
15
Suppose -7*z - 834 + 3921 = 0. Calculate the highest common factor of z and 63.
63
Suppose 2*x = -4*v - x + 20, -2*x + 8 = 0. Let t be v + -12 - (4 - 1). Let z = t + 40. What is the highest common divisor of 3 and z?
3
Suppose -4*u - 12 = -3*d - 51, 3*u + 3*d - 24 = 0. Let j be (-1 + (-4 - -2))*-3. Suppose j = 30*s - 29*s. What is the highest common divisor of s and u?
9
Let g(j) = 55*j**2 - 2*j + 8. Let f be g(2). Calculate the highest common factor of f and 168.
56
Let b be 3/((-546)/92 + 6). Calculate the greatest common divisor of 368 and b.
46
Suppose -2*f + p + 22 = 2, f = -p + 13. Let n(y) = -y**2 + 16*y - 35. Let b be n(f). What is the highest common divisor of b and 20?
20
Let p(r) = -r + 14. Let d be p(16). Let m be 6*((-5)/(-2) + d). Calculate the highest common divisor of 6 and m.
3
Suppose -5*i = -2*w + 1, 2*w + i = -0*i - 5. Let c = w + 0. Let k be -1 + c + (-135)/(-3). What is the greatest common divisor of k and 105?
21
Suppose -3*l + 4*f = 128, 2*f + 139 = -4*l + f. Let o = -19 - l. Let i = 111 - 43. What is the greatest common divisor of i and o?
17
Suppose 3*y = -0*y + 783. Suppose 2*k = 3*a - 136, k + 76 = -4*a + y. What is the greatest common divisor of a and 23?
23
Let m = 460 - 438. What is the greatest common divisor of 22 and m?
22
Let l = -7 - -5. Let n = -3 - l. Let a(d) = -55*d**3 - d**2 + d + 1. Let v be a(n). What is the greatest common divisor of 18 and v?
18
Suppose -k + 4*o = 7*o - 69, -211 = -4*k + o. Let b = 96 - 15. What is the highest common divisor of b and k?
27
Let h = -30 - -16. Let m be ((-2)/7)/(1/h). Suppose -m*r + 2 = -42. Calculate the highest common factor o